 s**3 + 9*s**2 - 8*s + 20. Calculate u(-8).
148
Let s(w) = -57*w + 39. Determine s(1).
-18
Let k(j) = -112*j - 180. Determine k(-1).
-68
Let v(m) = -m**3 + 45*m**2 - 80*m - 137. Give v(3).
1
Let v(l) = -3*l**3 + 3*l**2 + 9*l - 5. What is v(4)?
-113
Let d(v) = 5*v**2 - 22*v + 34. Calculate d(3).
13
Let k(l) = 86*l - 2492. Give k(29).
2
Let m(h) = 4*h**3 + 13*h**2 + 4*h + 5. What is m(-5)?
-190
Let s(m) = -4*m**3 - 242*m**2 - 117*m + 165. Give s(-60).
-15
Let z(d) = d**2 - 29*d + 69. Give z(16).
-139
Let d(y) = 9*y**3 - 2*y**2 - 37*y - 36. Calculate d(-1).
-10
Let k(i) = 264*i - 1836. Calculate k(7).
12
Let b(h) = -h**3 + 31*h**2 + 13*h + 588. What is b(32)?
-20
Let s(p) = -p**2 - 27*p + 19. Calculate s(-24).
91
Let d(k) = 14*k**2 - 15*k - 16. Give d(-6).
578
Let d(t) = -t**3 + 53*t**2 - 281*t - 48. Determine d(47).
-1
Let c(s) = -28*s + 741. Give c(28).
-43
Let o(b) = 66*b - 411. Give o(6).
-15
Let n(j) = -556*j - 569. What is n(-2)?
543
Let g(t) = 5*t**3 + 27*t**2 - 13*t - 129. Calculate g(-6).
-159
Let q(y) = 159*y - 1281. Determine q(8).
-9
Let o(l) = -l**3 + 7*l**2 + 38*l - 65. Calculate o(8).
175
Let c(z) = z**3 - 34*z**2 + 69*z - 3612. Calculate c(35).
28
Let i(n) = -26*n + 30. Calculate i(2).
-22
Let t(d) = 113*d - 678. What is t(6)?
0
Let q(b) = 6548*b + 242274. Calculate q(-37).
-2
Let g(u) = -u - 80. Determine g(-67).
-13
Let m(y) = 14*y + 36. Give m(-1).
22
Let f(k) = k**3 - 21*k**2 + 100*k + 45. Calculate f(13).
-7
Let o(m) = -m**2 - 428*m - 2109. Determine o(-5).
6
Let l(y) = -292*y - 6105. What is l(-21)?
27
Let i(u) = -7*u**3 - 56*u**2 + 36*u + 267. Calculate i(-8).
-21
Let b(t) = t**3 - 65*t**2 + 251*t - 432. Calculate b(61).
-5
Let d(t) = 6*t**3 - 26*t**2 + 5*t + 9. Give d(4).
-3
Let w(q) = q**2 - 22*q - 198. Give w(-7).
5
Let y(u) = -u**3 + 19*u**2 - 2*u - 270. Calculate y(18).
18
Let w(j) = 13*j - 197. What is w(12)?
-41
Let j(m) = -15*m**2 - 205*m + 90. Determine j(-14).
20
Let u(p) = p**3 + 10*p**2 + 17*p + 3. Calculate u(-7).
31
Let q(p) = -66*p + 318. What is q(5)?
-12
Let k(m) = m**2 - 199*m - 2989. What is k(-14)?
-7
Let j(k) = -299*k + 2734. Give j(9).
43
Let j(x) = -522*x - 1023. What is j(-2)?
21
Let l(j) = 2*j**3 - 84*j**2 - 370*j + 108. Give l(46).
16
Let n(l) = -6*l**2 + 55*l + 39. Determine n(7).
130
Let v(f) = 10*f**2 - 391*f + 34. Calculate v(39).
-5
Let o(n) = n**2 + 58*n + 809. Determine o(-23).
4
Let t(b) = -8*b**2 + 22*b - 21. Determine t(6).
-177
Let d(g) = g**2 + 14*g - 63. What is d(5)?
32
Let z(t) = -2348*t - 35210. Give z(-15).
10
Let t(u) = u**2 - 60*u + 413. What is t(50)?
-87
Let t(j) = j**3 + 110*j**2 + 219*j + 313. Calculate t(-108).
-11
Let i(t) = -67*t + 40. Calculate i(2).
-94
Let w(h) = -9*h**2 + 2. What is w(1)?
-7
Let r(y) = 242*y - 372. Calculate r(0).
-372
Let z(p) = 2*p**3 + 26*p**2 - 9*p - 6. Give z(-13).
111
Let m(d) = -44*d + 1301. What is m(30)?
-19
Let t(q) = q**2 + 226*q + 672. Calculate t(-3).
3
Let j(k) = k**2 + 20*k - 168. Calculate j(7).
21
Let v(z) = -z**3 + 91*z**2 + 281*z + 91. Give v(94).
-3
Let a(j) = -7*j - 227. Give a(-44).
81
Let y(f) = -f**3 + 44*f**2 + 888*f - 181. Calculate y(59).
-4
Let k(s) = 11*s**2 + 434*s - 691. Give k(-41).
6
Let j(t) = 17*t**2 + 865*t - 138. Give j(-51).
-36
Let i(p) = -p**2 + 263*p - 771. Calculate i(3).
9
Let y(q) = -q**3 + 17*q**2 - 38*q + 83. Determine y(15).
-37
Let l(u) = -u**3 + 8*u**2 + 16*u - 174. Determine l(7).
-13
Let d(l) = 3*l**2 + 36*l - 219. Give d(-16).
-27
Let b(j) = -53*j**2 + 847*j + 21. Calculate b(16).
5
Let o(v) = v**3 - 16*v**2 - 506*v + 7477. Calculate o(14).
1
Let m(n) = n**3 + n**2 - 2*n - 6. Calculate m(-2).
-6
Let j(z) = z**3 - 6*z**2 - 9*z + 73. Determine j(6).
19
Let s(y) = -y**3 + 164*y**2 + 11*y - 1807. Give s(164).
-3
Let b(m) = -1410*m - 31028. What is b(-22)?
-8
Let k(h) = 12*h - 2173. What is k(180)?
-13
Let m(p) = 2*p**2 - 9*p - 13. What is m(-6)?
113
Let i(z) = 2*z**2 - 628*z + 4300. What is i(307)?
2
Let n(f) = -291*f - 57329. What is n(-197)?
-2
Let w(u) = -15*u - 62. Calculate w(-10).
88
Let x(d) = d**3 + 11*d**2 - 69*d - 133. Calculate x(-15).
2
Let k(t) = -t**2 - 20*t - 39. Give k(-20).
-39
Let m(n) = 75*n + 4575. Determine m(-61).
0
Let q(i) = i**2 + 17*i - 627. Give q(-37).
113
Let c(x) = -2*x**3 + 9*x**2 - x + 55. Give c(0).
55
Let i(j) = 2*j**3 - 17*j**2 + j + 74. Give i(2).
24
Let t(r) = -r**3 - 56*r**2 - 42*r + 296. What is t(-55)?
-419
Let h(t) = -1672*t + 10037. Calculate h(6).
5
Let i(h) = -5*h**2 + 13*h + 7722. Determine i(-38).
8
Let i(p) = p + 117. Determine i(-13).
104
Let h(g) = -g**3 - 38*g**2 - 9*g - 111. Give h(-38).
231
Let o(f) = -296*f - 10662. Calculate o(-36).
-6
Let n(v) = 4*v**2 + 19*v - 93. What is n(4)?
47
Let q(t) = -t**2 - 69*t + 586. What is q(-74)?
216
Let f(r) = 212*r + 11641. Calculate f(-55).
-19
Let l(m) = 10*m + 559. Give l(-68).
-121
Let u(t) = -t**3 - 47*t**2 + 12*t + 629. Determine u(-47).
65
Let h(m) = -677*m - 5430. Determine h(-8).
-14
Let f(x) = x**2 - 21*x + 94. Calculate f(19).
56
Let y(b) = -b**3 + 7*b**2 + 74*b - 168. Calculate y(-7).
0
Let n(u) = 78*u**2 + 5535*u - 221. What is n(-71)?
-8
Let j(r) = -r**2 - 67*r - 751. Calculate j(-52).
29
Let y(x) = 8*x**3 - 71*x**2 - 19*x + 16. Calculate y(9).
-74
Let g(v) = -2*v**2 - 70*v + 1240. What is g(-48)?
-8
Let d(t) = -9*t**2 - 10*t - 24. Give d(-4).
-128
Let f(y) = -28*y**2 - 507*y - 4. What is f(-18)?
50
Let n(h) = h**2 + 21*h + 27. Determine n(-20).
7
Let i(z) = 11*z**2 + 56*z + 56. Calculate i(-5).
51
Let g(a) = 478*a + 3818. What is g(-8)?
-6
Let v(d) = 7*d**2 + 76*d - 13. Give v(-4).
-205
Let n(j) = -49*j + 353. What is n(8)?
-39
Let a(p) = 12*p**2 + 40*p - 13. Give a(6).
659
Let b(f) = -f**3 + 57*f**2 - 78*f + 1231. Give b(56).
-1
Let w(d) = -d**2 + 136*d + 1610. Determine w(-11).
-7
Let r(q) = 37*q**3 - 11*q**2 + 26*q - 15. Determine r(2).
289
Let d(c) = -1674*c + 53562. What is d(32)?
-6
Let y(n) = 188*n + 141. Calculate y(-2).
-235
Let g(l) = 2*l**3 + 42*l**2 - 27*l + 33. Calculate g(-22).
-341
Let z(q) = 22*q - 486. Calculate z(23).
20
Let h(t) = 2302*t + 9224. What is h(-4)?
16
Let d(r) = -102*r + 247. Give d(6).
-365
Let h(a) = 146*a - 1028. What is h(7)?
-6
Let t(a) = -4*a**3 - 17. Give t(-3).
91
Let v(j) = 2*j**3 + 37*j**2 - 19*j - 81. Determine v(-19).
-81
Let z(q) = -13*q**2 + 40*q - 103. What is z(3)?
-100
Let n(o) = -2*o**2 + 49*o - 51. Give n(23).
18
Let c(x) = 2*x**2 + 12*x + 99. Determine c(-5).
89
Let d(m) = -m**3 + 15*m**2 - 56*m + 48. Determine d(10).
-12
Let a(f) = -7*f**3 + 3*f**2 - 4*f - 32. Calculate a(0).
-32
Let l(z) = -12*z + 66. Calculate l(8).
-30
Let d(l) = 648*l + 475. Give d(-1).
-173
Let r(k) = 3*k**2 + 864*k + 5081. What is r(-6)?
5
Let k(y) = 2*y**3 - y**2 - 17*y + 42. Calculate k(3).
36
Let s(v) = -v**3 - 6*v**2 + 2*v + 1. Give s(4).
-151
Let j(t) = t**3 - 65*t**2 + 558*t - 104. Give j(10).
-24
Let x(b) = -2*b - 73. Calculate x(-19).
-35
Let p(f) = -984*f + 134. Calculate p(1).
-850
Let x(f) = 304*f**2 - 2128*f + 4. Determine x(7).
4
Let p(v) = -v**3 + 14*v**2 - 57*v + 86. What is p(8)?
14
Let a(v) = -v**2 + 20*v + 230. Calculate a(-11).
-111
Let x(g) = -g**2 - 34*g - 103. Calculate x(-23).
150
Let z(f) = f**2 - 53*f + 541. What is z(13)?
21
Let v(j) = -13*j + 117. What is v(7)?
26
Let z(q) = -3*q**2 + 50*q + 61. What is z(18)?
-11
Let s(x) = 203*x - 40001. Give s(197).
-10
Let r(v) = -v**2 + 10*v + 311. Give r(23).
12
Let l(z) = -556*z**2 + 1111*z - 4. What is l(2)?
-6
Let l(n) = -n**3 - 21*n**2 - 48*n - 134. Give l(-20).
426
Let z(c) = -4*c + 93. Determine z(-12).
141
Let a(x) = 12*x - 2. Give a(2).
22
Let n(m) = m**3 - 44*m**2 - 42*m - 135. Give n(45).
0
Let s(n) = 495*n**3 + 5*n**2 - n + 1. Determine s(-1).
-488
Let l(v) = -517*v + 57385. Determine l(111).
-2
Let l(v) = 77*v + 2772. Calculate l(-36).
0
Let b(c) = 400*c - 1256. Calculate b(5).
744
Let u(b) = 2*b**3 - 2*b**2 - 14*b + 22. What is u(3)?
16
Let c(l) = 2*l**2 - 119*l + 498. Give c(4).
54
Let n(t) = -t**2 + 19*t + 65. Determine n(19).
65
Let b(p) = 361*p - 358. What is b(1)?
3
Let l(p) = 293*p + 7334. Calculate l(-25).
9
Let b(c) = -c**3 + 32*c**2 + 708*c - 117. Give b(47).
24
Let g(x) = -2*x**2 - x - 19. Calculate g(5).
-74
Let w(l) = l**3 - 26*l**2 + 40*l - 404. Give w(25).
-29
Let y(r) = 19*r**2 - 3